{"id":348,"date":"2016-08-02T10:31:11","date_gmt":"2016-08-02T10:31:11","guid":{"rendered":"http:\/\/test.philippe-durussel.info\/?page_id=348"},"modified":"2016-08-13T10:09:46","modified_gmt":"2016-08-13T10:09:46","slug":"multimedia","status":"publish","type":"page","link":"https:\/\/test.philippe-durussel.info\/?page_id=348","title":{"rendered":"Photos"},"content":{"rendered":"<p>[et_pb_section admin_label=\u00a0\u00bbsection\u00a0\u00bb][et_pb_row admin_label=\u00a0\u00bbrow\u00a0\u00bb][et_pb_column type=\u00a0\u00bb4_4&Prime;][et_pb_text admin_label=\u00a0\u00bbPhoto Philippe\u00a0\u00bb background_layout=\u00a0\u00bblight\u00a0\u00bb text_orientation=\u00a0\u00bbleft\u00a0\u00bb use_border_color=\u00a0\u00bboff\u00a0\u00bb border_color=\u00a0\u00bb#ffffff\u00a0\u00bb border_style=\u00a0\u00bbsolid\u00a0\u00bb]<\/p>\n<p><strong>Photos de Philippe Durussel<br \/>\n<\/strong><br \/>\nDans cet espace \u00ab\u00a0photographie\u00a0\u00bb, vous pouvez :<\/p>\n<ul>\n<li>D\u00e9couvrir notre magnifique r\u00e9gion en photos.<\/li>\n<li>D\u00e9couvrir la nature qui nous entoure gr\u00e2ce \u00e0 des albums surtout ax\u00e9es sur la zone g\u00e9ographique des Alpes Vaudoises.<\/li>\n<li>Des photographies d&rsquo;\u00e9v\u00e9nements m\u00e9t\u00e9o remarquables.<\/li>\n<li>Et bien d&rsquo;autres choses encore &#8230;<\/li>\n<\/ul>\n<p>Vous pourrez \u00e9galement vous inscrire au flux RSS qui est diffus\u00e9 \u00e0 partir de cet espace d&rsquo;\u00e9change.<\/p>\n<p>&nbsp;<\/p>\n\n<!-- iframe plugin v.5.1 wordpress.org\/plugins\/iframe\/ -->\n<iframe loading=\"lazy\" src=\"http:\/\/www.philippe-durussel.info\/b2evolution\/blogs\/blog4.php\" width=\"1000\" height=\"1800\" scrolling=\"auto\" frameborder=\"1\" class=\"iframe-class\"><\/iframe>\n\n<p>[\/et_pb_text][\/et_pb_column][\/et_pb_row][\/et_pb_section][et_pb_section admin_label=\u00a0\u00bbSection\u00a0\u00bb fullwidth=\u00a0\u00bboff\u00a0\u00bb specialty=\u00a0\u00bboff\u00a0\u00bb][et_pb_row admin_label=\u00a0\u00bbLigne\u00a0\u00bb][et_pb_column type=\u00a0\u00bb4_4&Prime;][et_pb_text admin_label=\u00a0\u00bbLien nouvelle fen\u00eatre photos Philippe\u00a0\u00bb background_layout=\u00a0\u00bblight\u00a0\u00bb text_orientation=\u00a0\u00bbleft\u00a0\u00bb use_border_color=\u00a0\u00bboff\u00a0\u00bb border_color=\u00a0\u00bb#ffffff\u00a0\u00bb border_style=\u00a0\u00bbsolid\u00a0\u00bb]<\/p>\n<hr \/>\n<p><a href=\"http:\/\/www.philippe-durussel.info\/b2evolution\/blogs\/blog4.php\" target=\"_blank\">Pour acc\u00e9der \u00e0 cet espace d&rsquo;\u00e9change dans une nouvelle fen\u00eatre, cliquez sur ce lien<\/a><\/p>\n<p>[\/et_pb_text][\/et_pb_column][\/et_pb_row][\/et_pb_section]<\/p>\n","protected":false},"excerpt":{"rendered":"<p>[et_pb_section admin_label=\u00a0\u00bbsection\u00a0\u00bb][et_pb_row admin_label=\u00a0\u00bbrow\u00a0\u00bb][et_pb_column type=\u00a0\u00bb4_4&Prime;][et_pb_text admin_label=\u00a0\u00bbPhoto Philippe\u00a0\u00bb background_layout=\u00a0\u00bblight\u00a0\u00bb text_orientation=\u00a0\u00bbleft\u00a0\u00bb use_border_color=\u00a0\u00bboff\u00a0\u00bb border_color=\u00a0\u00bb#ffffff\u00a0\u00bb border_style=\u00a0\u00bbsolid\u00a0\u00bb] Photos de Philippe Durussel Dans cet espace \u00ab\u00a0photographie\u00a0\u00bb, vous pouvez : D\u00e9couvrir notre magnifique r\u00e9gion en photos. D\u00e9couvrir la nature qui nous entoure gr\u00e2ce \u00e0 des albums surtout ax\u00e9es sur la zone g\u00e9ographique des Alpes Vaudoises. Des photographies d&rsquo;\u00e9v\u00e9nements m\u00e9t\u00e9o remarquables. Et bien d&rsquo;autres [&hellip;]<\/p>\n","protected":false},"author":1,"featured_media":0,"parent":0,"menu_order":11,"comment_status":"closed","ping_status":"closed","template":"","meta":{"_et_pb_use_builder":"on","_et_pb_old_content":"","_et_gb_content_width":"","footnotes":""},"class_list":["post-348","page","type-page","status-publish","hentry"],"_links":{"self":[{"href":"https:\/\/test.philippe-durussel.info\/index.php?rest_route=\/wp\/v2\/pages\/348"}],"collection":[{"href":"https:\/\/test.philippe-durussel.info\/index.php?rest_route=\/wp\/v2\/pages"}],"about":[{"href":"https:\/\/test.philippe-durussel.info\/index.php?rest_route=\/wp\/v2\/types\/page"}],"author":[{"embeddable":true,"href":"https:\/\/test.philippe-durussel.info\/index.php?rest_route=\/wp\/v2\/users\/1"}],"replies":[{"embeddable":true,"href":"https:\/\/test.philippe-durussel.info\/index.php?rest_route=%2Fwp%2Fv2%2Fcomments&post=348"}],"version-history":[{"count":8,"href":"https:\/\/test.philippe-durussel.info\/index.php?rest_route=\/wp\/v2\/pages\/348\/revisions"}],"predecessor-version":[{"id":536,"href":"https:\/\/test.philippe-durussel.info\/index.php?rest_route=\/wp\/v2\/pages\/348\/revisions\/536"}],"wp:attachment":[{"href":"https:\/\/test.philippe-durussel.info\/index.php?rest_route=%2Fwp%2Fv2%2Fmedia&parent=348"}],"curies":[{"name":"wp","href":"https:\/\/api.w.org\/{rel}","templated":true}]}}

<p>[et_pb_section admin_label= »section »][et_pb_row admin_label= »row »][et_pb_column type= »4_4&Prime;][et_pb_text admin_label= »Photo Philippe » background_layout= »light » text_orientation= »left » use_border_color= »off » border_color= »#ffffff » border_style= »solid »]</p>
<p><strong>Photos de Philippe Durussel<br />
</strong><br />
Dans cet espace « photographie », vous pouvez :</p>
<ul>
<li>Découvrir notre magnifique région en photos.</li>
<li>Découvrir la nature qui nous entoure grâce à des albums surtout axées sur la zone géographique des Alpes Vaudoises.</li>
<li>Des photographies d&rsquo;événements météo remarquables.</li>
<li>Et bien d&rsquo;autres choses encore &#8230;</li>
</ul>
<p>Vous pourrez également vous inscrire au flux RSS qui est diffusé à partir de cet espace d&rsquo;échange.</p>
<p>&nbsp;</p>

<!-- iframe plugin v.5.1 wordpress.org/plugins/iframe/ -->
<iframe loading="lazy" src="http://www.philippe-durussel.info/b2evolution/blogs/blog4.php" width="1000" height="1800" scrolling="auto" frameborder="1" class="iframe-class"></iframe>

<p>[/et_pb_text][/et_pb_column][/et_pb_row][/et_pb_section][et_pb_section admin_label= »Section » fullwidth= »off » specialty= »off »][et_pb_row admin_label= »Ligne »][et_pb_column type= »4_4&Prime;][et_pb_text admin_label= »Lien nouvelle fenêtre photos Philippe » background_layout= »light » text_orientation= »left » use_border_color= »off » border_color= »#ffffff » border_style= »solid »]</p>
<hr />
<p><a href="http://www.philippe-durussel.info/b2evolution/blogs/blog4.php" target="_blank">Pour accéder à cet espace d&rsquo;échange dans une nouvelle fenêtre, cliquez sur ce lien</a></p>
<p>[/et_pb_text][/et_pb_column][/et_pb_row][/et_pb_section]</p>

<p>[et_pb_section admin_label= »section »][et_pb_row admin_label= »row »][et_pb_column type= »4_4&Prime;][et_pb_text admin_label= »Photo Philippe » background_layout= »light » text_orientation= »left » use_border_color= »off » border_color= »#ffffff » border_style= »solid »] Photos de Philippe Durussel Dans cet espace « photographie », vous pouvez : Découvrir notre magnifique région en photos. Découvrir la nature qui nous entoure grâce à des albums surtout axées sur la zone géographique des Alpes Vaudoises. Des photographies d&rsquo;événements météo remarquables. Et bien d&rsquo;autres [&hellip;]</p>
