{"id":211,"date":"2016-07-23T17:03:31","date_gmt":"2016-07-23T17:03:31","guid":{"rendered":"http:\/\/test.philippe-durussel.info\/?page_id=211"},"modified":"2016-08-02T09:38:29","modified_gmt":"2016-08-02T09:38:29","slug":"isobares-et-fronts","status":"publish","type":"page","link":"https:\/\/test.philippe-durussel.info\/?page_id=211","title":{"rendered":"Isobares et fronts"},"content":{"rendered":"<p>[et_pb_section admin_label=\u00a0\u00bbsection\u00a0\u00bb][et_pb_row admin_label=\u00a0\u00bbrow\u00a0\u00bb][et_pb_column type=\u00a0\u00bb4_4&Prime;][et_pb_text admin_label=\u00a0\u00bbEurope &#8211; isobares actuels &#8211; wetter.net\u00a0\u00bb background_layout=\u00a0\u00bblight\u00a0\u00bb text_orientation=\u00a0\u00bbleft\u00a0\u00bb use_border_color=\u00a0\u00bboff\u00a0\u00bb border_color=\u00a0\u00bb#ffffff\u00a0\u00bb border_style=\u00a0\u00bbsolid\u00a0\u00bb]<\/p>\n<p><strong>Isobares et fronts<\/strong><\/p>\n<p style=\"text-align: justify;\">Ici, vous trouvez les cartes des isobares et des front pr\u00e9vues pour le jour-m\u00eame (\u00e0 09h00 ou \u00e0 12h00, selon le mod\u00e8le affich\u00e9).<br \/>\nCes donn\u00e9es sont automatiquement mises \u00e0 jour chaque jour.<\/p>\n<p>Pour atteindre les pages en grand format ou la source des documents, vous pouvez cliquer sur les images et une nouvelle fen\u00eatre s&rsquo;ouvrira.<\/p>\n<hr \/>\n<div style=\"width: 610px\" class=\"wp-caption aligncenter\"><a href=\"http:\/\/www.wetter.net\/\"><img loading=\"lazy\" decoding=\"async\" class=\"\" src=\"http:\/\/www.wetter.net\/images\/kontinente\/Europa-600.jpg\" width=\"600\" height=\"600\" \/><\/a><p class=\"wp-caption-text\">Europe : carte des isobares et masses d&rsquo;air au sol pr\u00e9vues pour le jour-m\u00eame \u00e0 11h00 UTC (wetter.net)<\/p><\/div>\n<p style=\"text-align: center;\"><img decoding=\"async\" src=\"http:\/\/www.wetter.net\/images\/legende-grosswetterlage.gif\" \/><\/p>\n<p>[\/et_pb_text][\/et_pb_column][\/et_pb_row][\/et_pb_section][et_pb_section fullwidth=\u00a0\u00bboff\u00a0\u00bb specialty=\u00a0\u00bboff\u00a0\u00bb admin_label=\u00a0\u00bbSection\u00a0\u00bb][et_pb_row admin_label=\u00a0\u00bbLigne\u00a0\u00bb][et_pb_column type=\u00a0\u00bb4_4&Prime;][et_pb_text admin_label=\u00a0\u00bbEurope : carte des isobares pr\u00e9vue pour le jour-m\u00eame \u00e0 12h00 UTC (metoffice.gov.uk)\u00a0\u00bb background_layout=\u00a0\u00bblight\u00a0\u00bb text_orientation=\u00a0\u00bbleft\u00a0\u00bb use_border_color=\u00a0\u00bboff\u00a0\u00bb border_color=\u00a0\u00bb#ffffff\u00a0\u00bb border_style=\u00a0\u00bbsolid\u00a0\u00bb]<\/p>\n<hr \/>\n<div style=\"width: 1086px\" class=\"wp-caption aligncenter\"><a href=\"http:\/\/www.wetterzentrale.de\/pics\/bracka.gif\"><img loading=\"lazy\" decoding=\"async\" class=\"\" src=\"http:\/\/www.wetterzentrale.de\/pics\/bracka.gif\" width=\"1076\" height=\"864\" \/><\/a><p class=\"wp-caption-text\">Europe : carte des isobares pr\u00e9vue pour le jour-m\u00eame \u00e0 12h00 UTC (metoffice.gov.uk)<\/p><\/div>\n<p>[\/et_pb_text][\/et_pb_column][\/et_pb_row][\/et_pb_section][et_pb_section fullwidth=\u00a0\u00bboff\u00a0\u00bb specialty=\u00a0\u00bboff\u00a0\u00bb admin_label=\u00a0\u00bbSection\u00a0\u00bb][et_pb_row admin_label=\u00a0\u00bbLigne\u00a0\u00bb][et_pb_column type=\u00a0\u00bb4_4&Prime;][et_pb_text admin_label=\u00a0\u00bbEurope : carte des isobares et noms des d\u00e9pressions pr\u00e9vue pour le jour-m\u00eame \u00e0 09h00 UTC Source : met.fu-berlin.de\u00a0\u00bb background_layout=\u00a0\u00bblight\u00a0\u00bb text_orientation=\u00a0\u00bbleft\u00a0\u00bb use_border_color=\u00a0\u00bboff\u00a0\u00bb border_color=\u00a0\u00bb#ffffff\u00a0\u00bb border_style=\u00a0\u00bbsolid\u00a0\u00bb]<\/p>\n<hr \/>\n<div style=\"width: 1034px\" class=\"wp-caption aligncenter\"><a href=\"http:\/\/www.met.fu-berlin.de\/de\/wetter\/maps\/anabwkna.gif\"><img loading=\"lazy\" decoding=\"async\" class=\"\" src=\"http:\/\/www.met.fu-berlin.de\/de\/wetter\/maps\/anabwkna.gif\" width=\"1024\" height=\"727\" \/><\/a><p class=\"wp-caption-text\">Europe : carte des isobares et noms des d\u00e9pressions pr\u00e9vue pour le jour-m\u00eame \u00e0 09h00 UTC Source : met.fu-berlin.de<\/p><\/div>\n<p>[\/et_pb_text][\/et_pb_column][\/et_pb_row][\/et_pb_section]<\/p>\n","protected":false},"excerpt":{"rendered":"<p>[et_pb_section admin_label=\u00a0\u00bbsection\u00a0\u00bb][et_pb_row admin_label=\u00a0\u00bbrow\u00a0\u00bb][et_pb_column type=\u00a0\u00bb4_4&Prime;][et_pb_text admin_label=\u00a0\u00bbEurope &#8211; isobares actuels &#8211; wetter.net\u00a0\u00bb background_layout=\u00a0\u00bblight\u00a0\u00bb text_orientation=\u00a0\u00bbleft\u00a0\u00bb use_border_color=\u00a0\u00bboff\u00a0\u00bb border_color=\u00a0\u00bb#ffffff\u00a0\u00bb border_style=\u00a0\u00bbsolid\u00a0\u00bb] Isobares et fronts Ici, vous trouvez les cartes des isobares et des front pr\u00e9vues pour le jour-m\u00eame (\u00e0 09h00 ou \u00e0 12h00, selon le mod\u00e8le affich\u00e9). Ces donn\u00e9es sont automatiquement mises \u00e0 jour chaque jour. Pour atteindre les pages en [&hellip;]<\/p>\n","protected":false},"author":1,"featured_media":0,"parent":63,"menu_order":13,"comment_status":"closed","ping_status":"closed","template":"","meta":{"_et_pb_use_builder":"on","_et_pb_old_content":"","_et_gb_content_width":"","footnotes":""},"class_list":["post-211","page","type-page","status-publish","hentry"],"_links":{"self":[{"href":"https:\/\/test.philippe-durussel.info\/index.php?rest_route=\/wp\/v2\/pages\/211"}],"collection":[{"href":"https:\/\/test.philippe-durussel.info\/index.php?rest_route=\/wp\/v2\/pages"}],"about":[{"href":"https:\/\/test.philippe-durussel.info\/index.php?rest_route=\/wp\/v2\/types\/page"}],"author":[{"embeddable":true,"href":"https:\/\/test.philippe-durussel.info\/index.php?rest_route=\/wp\/v2\/users\/1"}],"replies":[{"embeddable":true,"href":"https:\/\/test.philippe-durussel.info\/index.php?rest_route=%2Fwp%2Fv2%2Fcomments&post=211"}],"version-history":[{"count":6,"href":"https:\/\/test.philippe-durussel.info\/index.php?rest_route=\/wp\/v2\/pages\/211\/revisions"}],"predecessor-version":[{"id":337,"href":"https:\/\/test.philippe-durussel.info\/index.php?rest_route=\/wp\/v2\/pages\/211\/revisions\/337"}],"up":[{"embeddable":true,"href":"https:\/\/test.philippe-durussel.info\/index.php?rest_route=\/wp\/v2\/pages\/63"}],"wp:attachment":[{"href":"https:\/\/test.philippe-durussel.info\/index.php?rest_route=%2Fwp%2Fv2%2Fmedia&parent=211"}],"curies":[{"name":"wp","href":"https:\/\/api.w.org\/{rel}","templated":true}]}}

<p>[et_pb_section admin_label= »section »][et_pb_row admin_label= »row »][et_pb_column type= »4_4&Prime;][et_pb_text admin_label= »Europe &#8211; isobares actuels &#8211; wetter.net » background_layout= »light » text_orientation= »left » use_border_color= »off » border_color= »#ffffff » border_style= »solid »]</p>
<p><strong>Isobares et fronts</strong></p>
<p style="text-align: justify;">Ici, vous trouvez les cartes des isobares et des front prévues pour le jour-même (à 09h00 ou à 12h00, selon le modèle affiché).<br />
Ces données sont automatiquement mises à jour chaque jour.</p>
<p>Pour atteindre les pages en grand format ou la source des documents, vous pouvez cliquer sur les images et une nouvelle fenêtre s&rsquo;ouvrira.</p>
<hr />
<div style="width: 610px" class="wp-caption aligncenter"><a href="http://www.wetter.net/"><img loading="lazy" decoding="async" class="" src="http://www.wetter.net/images/kontinente/Europa-600.jpg" width="600" height="600" /></a><p class="wp-caption-text">Europe : carte des isobares et masses d&rsquo;air au sol prévues pour le jour-même à 11h00 UTC (wetter.net)</p></div>
<p style="text-align: center;"><img decoding="async" src="http://www.wetter.net/images/legende-grosswetterlage.gif" /></p>
<p>[/et_pb_text][/et_pb_column][/et_pb_row][/et_pb_section][et_pb_section fullwidth= »off » specialty= »off » admin_label= »Section »][et_pb_row admin_label= »Ligne »][et_pb_column type= »4_4&Prime;][et_pb_text admin_label= »Europe : carte des isobares prévue pour le jour-même à 12h00 UTC (metoffice.gov.uk) » background_layout= »light » text_orientation= »left » use_border_color= »off » border_color= »#ffffff » border_style= »solid »]</p>
<hr />
<div style="width: 1086px" class="wp-caption aligncenter"><a href="http://www.wetterzentrale.de/pics/bracka.gif"><img loading="lazy" decoding="async" class="" src="http://www.wetterzentrale.de/pics/bracka.gif" width="1076" height="864" /></a><p class="wp-caption-text">Europe : carte des isobares prévue pour le jour-même à 12h00 UTC (metoffice.gov.uk)</p></div>
<p>[/et_pb_text][/et_pb_column][/et_pb_row][/et_pb_section][et_pb_section fullwidth= »off » specialty= »off » admin_label= »Section »][et_pb_row admin_label= »Ligne »][et_pb_column type= »4_4&Prime;][et_pb_text admin_label= »Europe : carte des isobares et noms des dépressions prévue pour le jour-même à 09h00 UTC Source : met.fu-berlin.de » background_layout= »light » text_orientation= »left » use_border_color= »off » border_color= »#ffffff » border_style= »solid »]</p>
<hr />
<div style="width: 1034px" class="wp-caption aligncenter"><a href="http://www.met.fu-berlin.de/de/wetter/maps/anabwkna.gif"><img loading="lazy" decoding="async" class="" src="http://www.met.fu-berlin.de/de/wetter/maps/anabwkna.gif" width="1024" height="727" /></a><p class="wp-caption-text">Europe : carte des isobares et noms des dépressions prévue pour le jour-même à 09h00 UTC Source : met.fu-berlin.de</p></div>
<p>[/et_pb_text][/et_pb_column][/et_pb_row][/et_pb_section]</p>

<p>[et_pb_section admin_label= »section »][et_pb_row admin_label= »row »][et_pb_column type= »4_4&Prime;][et_pb_text admin_label= »Europe &#8211; isobares actuels &#8211; wetter.net » background_layout= »light » text_orientation= »left » use_border_color= »off » border_color= »#ffffff » border_style= »solid »] Isobares et fronts Ici, vous trouvez les cartes des isobares et des front prévues pour le jour-même (à 09h00 ou à 12h00, selon le modèle affiché). Ces données sont automatiquement mises à jour chaque jour. Pour atteindre les pages en [&hellip;]</p>
